{"id":110,"date":"2022-12-06T19:53:44","date_gmt":"2022-12-06T18:53:44","guid":{"rendered":"https:\/\/wp10599628.server-he.de\/?page_id=110"},"modified":"2022-12-06T20:18:45","modified_gmt":"2022-12-06T19:18:45","slug":"schulungsangebote","status":"publish","type":"page","link":"https:\/\/dr-thost.de\/index.php\/medizin\/schulungsangebote\/","title":{"rendered":"Schulungsangebote"},"content":{"rendered":"\n<p>Viele Atemwegserkrankungen verlaufen chronisch, das hei\u00dft sie heilen nicht v\u00f6llig aus, sondern sie bed\u00fcrfen einer lebenslangen mehr oder weniger umfangreichen medikament\u00f6sen Behandlung. Um Ihnen das Leben mit solchen Krankheiten zu erleichtern f\u00fchren wir seit vielen Jahren Schulungsma\u00dfnahmen in der Praxis durch.<\/p>\n\n\n\n<p>Sowohl meine Mitarbeiterinnen als auch ich selbst haben an speziellen Seminaren teilgenommen um Ihnen auf m\u00f6glichst anschauliche Weise das Wichtigste zum Umgang mit Ihrer Erkrankung zu vermitteln. Je besser Sie die Zeichen Ihrer Erkrankung kennen um so fr\u00fchzeitiger und effektiver k\u00f6nnen Sie dagegen vorgehen.<\/p>\n\n\n\n<p>Um den Inhalt der Schulung m\u00f6glichst individuell auf Ihre Situation und Ihre Fragen ausrichten zu k\u00f6nnen achten wir besonders auf kleine Gruppengr\u00f6\u00dfen von maximal 10 Teilnehmern.<\/p>\n\n\n\n<h3 class=\"wp-block-heading\">Wer kommt f\u00fcr eine Schulung in Betracht?<\/h3>\n\n\n\n<p>Momentan bieten wir Schulungsseminare f\u00fcr Patienten mit obstruktiven Atemwegserkrankungen an. Wenn bei Ihnen Asthma bronchiale oder chronisch obstruktive Bronchitis festgestellt wurde, k\u00f6nnen Sie an einer Schulung teilnehmen. \u00dcbrigens- die Erkrankung mu\u00df nicht unbedingt in der hiesigen Praxis diagnostiziert worden sein, wir f\u00fchren Schulungen auch auf \u00dcberweisung von Kolleginnen und Kollegen durch, die selber keine M\u00f6glichkeit zur Durchf\u00fchrung von Schulungsma\u00dfnahmen haben.<\/p>\n\n\n\n<h3 class=\"wp-block-heading\">Wir helfen Ihnen bei Ihrem Vorsatz das Rauchen einzustellen!<\/h3>\n\n\n\n<p>Dazu bieten wir Ihnen eine 3-monatige systematische Begleitung und Unterst\u00fctzung bei Ihrem Versuch zur Rauch- und Nikotinabstinenz an. Bitte fragen Sie nach dem Programm.<\/p>\n\n\n\n<h3 class=\"wp-block-heading\">Wo findet die Schulung statt?<\/h3>\n\n\n\n<p>Die Schulung findet am Bahnhofsplatz 2, 96450 Coburg statt.<\/p>\n\n\n\n<p><a href=\"https:\/\/dr-thost.de\/index.php\/praxis\/praxisadresse\/\">Anfahrtskizze<\/a><\/p>\n\n\n\n<p>Die Termine f\u00fcr die Schulungen entnehmen Sie bitte unserer Seite\u00a0<a href=\"https:\/\/dr-thost.de\/index.php\/aktuelles-2\/\">Aktuelles<\/a>.<\/p>\n\n\n\n<h3 class=\"wp-block-heading\">Wieviel kostet die Schulung und wer bezahlt die Schulung?<\/h3>\n\n\n\n<p>Die Kosten f\u00fcr die Schulung \u00fcbernimmt Ihre Krankenkasse. Allerdings m\u00fcssen sie dazu im DMP (Disease Management Program) f\u00fcr Asthma oder COPD eingeschrieben sein. Diese Einschreibung \u00fcbernimmt normalerweise Ihr Hausarzt. Sprechen Sie ihn doch darauf an! Auch meine Mitarbeiterinnen geben Ihnen dazu gerne weitere Informationen. In Ausnahmef\u00e4llen k\u00f6nnen Sie auch von uns in die DMP-Programme aufgenommen werden. Die Vorteile des DMP-Programms Asthma oder COPD f\u00fcr Sie sind:<\/p>\n\n\n\n<ul class=\"wp-block-list\">\n<li>Kosten\u00fcbernahme der Schulung<\/li>\n\n\n\n<li>Optimierte und strukturierte Behandlung Ihrer Erkrankung<\/li>\n\n\n\n<li>Bessere Abstimmung zwischen Ihrem Hausarzt und uns<\/li>\n\n\n\n<li>Unterst\u00fctzung durch Ihre Krankenkasse in Form von Seminaren und Informationsmaterial<\/li>\n\n\n\n<li>Teilweiser Erlass der Praxisgeb\u00fchr<\/li>\n<\/ul>\n\n\n\n<p>Wann sind die n\u00e4chsten Schulungstermine? Bitte rufen Sie uns an unter\u00a00 95 61 \/ 9 04 94 oder sehen Sie in unsere\u00a0<a href=\"https:\/\/dr-thost.de\/index.php\/praxis\/vortraege\/\">\u00dcbersicht der Schulungstermine<\/a><\/p>\n","protected":false},"excerpt":{"rendered":"<p>Viele Atemwegserkrankungen verlaufen chronisch, das hei\u00dft sie heilen nicht v\u00f6llig aus, sondern sie bed\u00fcrfen einer lebenslangen mehr oder weniger umfangreichen medikament\u00f6sen Behandlung. Um Ihnen das Leben mit solchen Krankheiten zu erleichtern f\u00fchren wir seit vielen Jahren Schulungsma\u00dfnahmen in der Praxis &hellip; <a href=\"https:\/\/dr-thost.de\/index.php\/medizin\/schulungsangebote\/\">Weiterlesen <span class=\"meta-nav\">&rarr;<\/span><\/a><\/p>\n","protected":false},"author":1,"featured_media":0,"parent":116,"menu_order":0,"comment_status":"closed","ping_status":"closed","template":"","meta":{"footnotes":""},"class_list":["post-110","page","type-page","status-publish","hentry"],"_links":{"self":[{"href":"https:\/\/dr-thost.de\/index.php\/wp-json\/wp\/v2\/pages\/110","targetHints":{"allow":["GET"]}}],"collection":[{"href":"https:\/\/dr-thost.de\/index.php\/wp-json\/wp\/v2\/pages"}],"about":[{"href":"https:\/\/dr-thost.de\/index.php\/wp-json\/wp\/v2\/types\/page"}],"author":[{"embeddable":true,"href":"https:\/\/dr-thost.de\/index.php\/wp-json\/wp\/v2\/users\/1"}],"replies":[{"embeddable":true,"href":"https:\/\/dr-thost.de\/index.php\/wp-json\/wp\/v2\/comments?post=110"}],"version-history":[{"count":3,"href":"https:\/\/dr-thost.de\/index.php\/wp-json\/wp\/v2\/pages\/110\/revisions"}],"predecessor-version":[{"id":143,"href":"https:\/\/dr-thost.de\/index.php\/wp-json\/wp\/v2\/pages\/110\/revisions\/143"}],"up":[{"embeddable":true,"href":"https:\/\/dr-thost.de\/index.php\/wp-json\/wp\/v2\/pages\/116"}],"wp:attachment":[{"href":"https:\/\/dr-thost.de\/index.php\/wp-json\/wp\/v2\/media?parent=110"}],"curies":[{"name":"wp","href":"https:\/\/api.w.org\/{rel}","templated":true}]}}